{"id":13,"date":"2022-01-06T11:47:16","date_gmt":"2022-01-06T10:47:16","guid":{"rendered":"https:\/\/www.web110.s188.goserver.host\/?page_id=13"},"modified":"2023-07-15T16:18:19","modified_gmt":"2023-07-15T14:18:19","slug":"startseite","status":"publish","type":"page","link":"https:\/\/kleine-konditorei.com\/","title":{"rendered":"Das k\u00f6nnte Ihnen so schmecken!"},"content":{"rendered":"\n<figure class=\"wp-block-image size-full\"><a href=\"https:\/\/kleine-konditorei.com\/?page_id=423\" target=\"_blank\" rel=\"noreferrer noopener\"><img loading=\"lazy\" decoding=\"async\" width=\"970\" height=\"250\" src=\"https:\/\/kleine-konditorei.com\/wp-content\/uploads\/2023\/07\/Du-hast-uns-gerade-noch-gefehlt-Wir-dir-auch.png\" alt=\"\" class=\"wp-image-1047\" srcset=\"https:\/\/kleine-konditorei.com\/wp-content\/uploads\/2023\/07\/Du-hast-uns-gerade-noch-gefehlt-Wir-dir-auch.png 970w, https:\/\/kleine-konditorei.com\/wp-content\/uploads\/2023\/07\/Du-hast-uns-gerade-noch-gefehlt-Wir-dir-auch-300x77.png 300w, https:\/\/kleine-konditorei.com\/wp-content\/uploads\/2023\/07\/Du-hast-uns-gerade-noch-gefehlt-Wir-dir-auch-768x198.png 768w\" sizes=\"auto, (max-width: 767px) 89vw, (max-width: 1000px) 54vw, (max-width: 1071px) 543px, 580px\" \/><\/a><\/figure>\n\n\n\n<h1 class=\"wp-block-heading has-text-align-center has-text-color has-large-font-size\" id=\"traditionelles-backhandwerk-trifft-soulfood\" style=\"color:#826924\"><strong>Traditionelles Backhandwerk<\/strong><br><strong>aus Leidenschaft.<\/strong><\/h1>\n\n\n\n<p class=\"has-drop-cap has-text-color has-normal-font-size\" style=\"color:#826924\"><strong>die kleine konditorei<\/strong>, das ist traditionelles Backhandwerk, klassische Konditorei-Manufaktur, Spezialit\u00e4tenfertigung, Ideenwerkstatt von neuen Produkten f\u00fcr verschiedenste Ern\u00e4hrungsformen,  Caf\u00e9, Eimsb\u00fctteler-Treffpunkt an vier Standorten und vor allem Liebe, Lust und Leidenschaft zum Backen \u2013 t\u00e4glich mehrmals frisch. Darum wird in unserem Familienunternehmen  auch noch alles selbst hergestellt, von der klassischen Schrippe bis hin zur Lieblingstorte. <strong>Und das seit 1964. <\/strong><\/p>\n\n\n\n<figure class=\"wp-block-image size-large\"><img loading=\"lazy\" decoding=\"async\" width=\"1024\" height=\"167\" src=\"https:\/\/kleine-konditorei.com\/wp-content\/uploads\/2022\/07\/S-Cashback_Banner-Paket_368x60-1-1024x167.gif\" alt=\"\" class=\"wp-image-920\" srcset=\"https:\/\/kleine-konditorei.com\/wp-content\/uploads\/2022\/07\/S-Cashback_Banner-Paket_368x60-1-1024x167.gif 1024w, https:\/\/kleine-konditorei.com\/wp-content\/uploads\/2022\/07\/S-Cashback_Banner-Paket_368x60-1-300x49.gif 300w, https:\/\/kleine-konditorei.com\/wp-content\/uploads\/2022\/07\/S-Cashback_Banner-Paket_368x60-1-768x125.gif 768w\" sizes=\"auto, (max-width: 767px) 89vw, (max-width: 1000px) 54vw, (max-width: 1071px) 543px, 580px\" \/><\/figure>\n\n\n\n<div class=\"wp-block-group\"><div class=\"wp-block-group__inner-container is-layout-flow wp-block-group-is-layout-flow\">\n<div class=\"wp-block-group\"><div class=\"wp-block-group__inner-container is-layout-flow wp-block-group-is-layout-flow\">\n<div class=\"wp-block-columns is-layout-flex wp-container-core-columns-is-layout-9d6595d7 wp-block-columns-is-layout-flex\">\n<div class=\"wp-block-column has-background is-layout-flow wp-block-column-is-layout-flow\" style=\"background-color:#826924;flex-basis:100%\">\n<div class=\"wp-block-group\"><div class=\"wp-block-group__inner-container is-layout-flow wp-block-group-is-layout-flow\"><\/div><\/div>\n<\/div>\n<\/div>\n<\/div><\/div>\n<\/div><\/div>\n","protected":false},"excerpt":{"rendered":"<p>Traditionelles Backhandwerkaus Leidenschaft. die kleine konditorei, das ist traditionelles Backhandwerk, klassische Konditorei-Manufaktur, Spezialit\u00e4tenfertigung, Ideenwerkstatt von neuen Produkten f\u00fcr verschiedenste Ern\u00e4hrungsformen, Caf\u00e9, Eimsb\u00fctteler-Treffpunkt an vier Standorten und vor allem Liebe, Lust und Leidenschaft zum Backen \u2013 t\u00e4glich mehrmals frisch. Darum wird in unserem Familienunternehmen auch noch alles selbst hergestellt, von der klassischen Schrippe bis hin zur &hellip; <\/p>\n<p class=\"link-more\"><a href=\"https:\/\/kleine-konditorei.com\/\" class=\"more-link\"><span class=\"screen-reader-text\">\u201eDas k\u00f6nnte Ihnen so schmecken!\u201c<\/span> weiterlesen<\/a><\/p>\n","protected":false},"author":1,"featured_media":0,"parent":0,"menu_order":0,"comment_status":"closed","ping_status":"closed","template":"","meta":{"footnotes":""},"class_list":["post-13","page","type-page","status-publish","hentry"],"_links":{"self":[{"href":"https:\/\/kleine-konditorei.com\/index.php?rest_route=\/wp\/v2\/pages\/13","targetHints":{"allow":["GET"]}}],"collection":[{"href":"https:\/\/kleine-konditorei.com\/index.php?rest_route=\/wp\/v2\/pages"}],"about":[{"href":"https:\/\/kleine-konditorei.com\/index.php?rest_route=\/wp\/v2\/types\/page"}],"author":[{"embeddable":true,"href":"https:\/\/kleine-konditorei.com\/index.php?rest_route=\/wp\/v2\/users\/1"}],"replies":[{"embeddable":true,"href":"https:\/\/kleine-konditorei.com\/index.php?rest_route=%2Fwp%2Fv2%2Fcomments&post=13"}],"version-history":[{"count":89,"href":"https:\/\/kleine-konditorei.com\/index.php?rest_route=\/wp\/v2\/pages\/13\/revisions"}],"predecessor-version":[{"id":1055,"href":"https:\/\/kleine-konditorei.com\/index.php?rest_route=\/wp\/v2\/pages\/13\/revisions\/1055"}],"wp:attachment":[{"href":"https:\/\/kleine-konditorei.com\/index.php?rest_route=%2Fwp%2Fv2%2Fmedia&parent=13"}],"curies":[{"name":"wp","href":"https:\/\/api.w.org\/{rel}","templated":true}]}}