{"id":585,"date":"2022-03-03T18:01:02","date_gmt":"2022-03-03T17:01:02","guid":{"rendered":"https:\/\/www.web110.s188.goserver.host\/?page_id=585"},"modified":"2024-09-26T16:08:45","modified_gmt":"2024-09-26T14:08:45","slug":"osterstrasse-176","status":"publish","type":"page","link":"https:\/\/kleine-konditorei.com\/?page_id=585","title":{"rendered":"Osterstra\u00dfe 176"},"content":{"rendered":"\n<h2 class=\"wp-block-heading has-text-align-center has-text-color\" style=\"color:#826924\"><strong>Mitten im Geschehen und dennoch entspannt: <\/strong><br>die kleine konditorei <strong>in Eimsb\u00fcttels Einkaufsmeile.<\/strong><\/h2>\n\n\n\n<div class=\"wp-block-media-text alignwide is-stacked-on-mobile is-vertically-aligned-top\" style=\"grid-template-columns:63% auto\"><figure class=\"wp-block-media-text__media\"><img loading=\"lazy\" decoding=\"async\" width=\"500\" height=\"260\" src=\"https:\/\/www.web110.s188.goserver.host\/wp-content\/uploads\/2022\/03\/csm_Filialen_Aussen4_68cb16c2ba-1.jpeg\" alt=\"\" class=\"wp-image-531 size-full\" srcset=\"https:\/\/kleine-konditorei.com\/wp-content\/uploads\/2022\/03\/csm_Filialen_Aussen4_68cb16c2ba-1.jpeg 500w, https:\/\/kleine-konditorei.com\/wp-content\/uploads\/2022\/03\/csm_Filialen_Aussen4_68cb16c2ba-1-300x156.jpeg 300w\" sizes=\"auto, (max-width: 500px) 100vw, 500px\" \/><\/figure><div class=\"wp-block-media-text__content\">\n<p class=\"has-text-color\" style=\"color:#826924\">Osterstra\u00dfe 176<br>22525 Hamburg<br><strong>Tel<\/strong>&nbsp;040-600 390 90<br><strong>Fax<\/strong>&nbsp;040-600 390 924<\/p>\n\n\n\n<p class=\"has-text-color\" style=\"color:#826924\"><strong>\u00d6ffnungszeiten<\/strong><br><strong>Mo-Fr<\/strong> 6.00 \u2014 18.30 Uhr<br><strong>Sa<\/strong> 7.00 \u2014 18.00 Uhr<br><strong>So<\/strong> 7.30 \u2014 18.00 Uhr<\/p>\n<\/div><\/div>\n\n\n\n<hr class=\"wp-block-separator has-css-opacity is-style-wide\"\/>\n\n\n\n<p class=\"has-drop-cap has-text-color\" style=\"color:#826924\">Aus unserer Filiale am Ende der beliebten und belebten Osterstra\u00dfe k\u00f6nnen Sie bei einem Kaffee oder Snack hervorragend das bunte Treiben beobachten und dies in gem\u00fctlicher Caf\u00e9-Atmosph\u00e4re. Vielleicht holen Sie sich aber auch schnell auf Ihrem Einkaufsweg noch kurz ein leckeres Brot f\u00fcr den Abenbrottisch, k\u00f6stlichen Kuchen oder Teilchen f\u00fcr den Nachmittagsbesuch oder die Br\u00f6tchen zum Fr\u00fchst\u00fcck heraus. Ganz, wie es Ihnen passt. <\/p>\n\n\n\n<p class=\"has-text-color\" style=\"color:#826924\">Und wer neugierig ist und sich gern vorab in unserer <strong>kleinen konditorei<\/strong> in der Osterstra\u00dfe 3D-m\u00e4\u00dfig umschauen m\u00f6chte, der klickt <a rel=\"noreferrer noopener\" href=\"https:\/\/goo.gl\/maps\/znN1vcfG8rxUXyqX8\" target=\"_blank\">hier<\/a>. <\/p>\n\n\n\n<p class=\"has-text-color\" style=\"color:#826924\">Nat\u00fcrlich k\u00f6nnen Sie auch alles, was wir Ihnen bieten, bei uns vorbestellen. Gern nehmen wir ihre Bestellungen am Vortag bis 16 Uhr pers\u00f6nlich in einer unserer Filiale oder telefonisch entgegen.\u00a0\u00a0An Feiertagen k\u00f6nnen unsere Bestellfristen ver\u00e4ndert sein, bitte beachten Sie hierzu unsere Aush\u00e4nge in den Filialen oder sprechen Sie uns fr\u00fchzeitig an.<\/p>\n\n\n\n<div class=\"wp-block-group has-background\" style=\"background-color:#826924\"><div class=\"wp-block-group__inner-container is-layout-flow wp-block-group-is-layout-flow\">\n<h1 class=\"wp-block-heading has-text-align-center has-black-color has-text-color\"><strong>Unsere \u00d6ffnungszeiten an Feiertagen<\/strong><strong>:<\/strong><\/h1>\n\n\n\n<h3 class=\"wp-block-heading has-text-align-left has-white-color has-text-color\">1. Mai 2026 (Tag der Arbeit)<\/h3>\n\n\n\n<p>7:30 -18:00 Uhr (in der Warnstedtstra\u00dfe bis 12.00 Uhr \/ <br>in der Lutterothstra\u00dfe bis 17:00 Uhr)<\/p>\n\n\n\n<h3 class=\"wp-block-heading has-text-align-left has-white-color has-text-color\">14. Mai 2026 (Himmelfahrt)<\/h3>\n\n\n\n<p>7:30 -18:00 Uhr (in der Warnstedtstra\u00dfe bis 12.00 Uhr \/ <br>in der Lutterothstra\u00dfe bis 17:00 Uhr)<\/p>\n\n\n\n<h3 class=\"wp-block-heading has-text-align-left has-white-color has-text-color\">24. Mai 2026 (Pfingstsonntag)<\/h3>\n\n\n\n<p>7:30 -14:00 Uhr (in der Warnstedtstra\u00dfe bis 12.00 Uhr)<\/p>\n\n\n\n<h3 class=\"wp-block-heading has-text-align-left has-white-color has-text-color\">25. Mai 2026 (Pfingstmontag)<\/h3>\n\n\n\n<p>7:30 -14:00 Uhr nur in der Filiale Osterstra\u00dfe &#8211; alle anderen Filialen bleiben geschlossen<\/p>\n<\/div><\/div>\n\n\n\n<figure class=\"wp-block-image size-large\"><img loading=\"lazy\" decoding=\"async\" width=\"1024\" height=\"167\" src=\"https:\/\/kleine-konditorei.com\/wp-content\/uploads\/2022\/07\/S-Cashback_Banner-Paket_368x60-1-1024x167.gif\" alt=\"\" class=\"wp-image-920\" srcset=\"https:\/\/kleine-konditorei.com\/wp-content\/uploads\/2022\/07\/S-Cashback_Banner-Paket_368x60-1-1024x167.gif 1024w, https:\/\/kleine-konditorei.com\/wp-content\/uploads\/2022\/07\/S-Cashback_Banner-Paket_368x60-1-300x49.gif 300w, https:\/\/kleine-konditorei.com\/wp-content\/uploads\/2022\/07\/S-Cashback_Banner-Paket_368x60-1-768x125.gif 768w\" sizes=\"auto, (max-width: 767px) 89vw, (max-width: 1000px) 54vw, (max-width: 1071px) 543px, 580px\" \/><\/figure>\n","protected":false},"excerpt":{"rendered":"<p>Mitten im Geschehen und dennoch entspannt: die kleine konditorei in Eimsb\u00fcttels Einkaufsmeile. Osterstra\u00dfe 17622525 HamburgTel&nbsp;040-600 390 90Fax&nbsp;040-600 390 924 \u00d6ffnungszeitenMo-Fr 6.00 \u2014 18.30 UhrSa 7.00 \u2014 18.00 UhrSo 7.30 \u2014 18.00 Uhr Aus unserer Filiale am Ende der beliebten und belebten Osterstra\u00dfe k\u00f6nnen Sie bei einem Kaffee oder Snack hervorragend das bunte Treiben beobachten und &hellip; <\/p>\n<p class=\"link-more\"><a href=\"https:\/\/kleine-konditorei.com\/?page_id=585\" class=\"more-link\"><span class=\"screen-reader-text\">\u201eOsterstra\u00dfe 176\u201c<\/span> weiterlesen<\/a><\/p>\n","protected":false},"author":1,"featured_media":0,"parent":0,"menu_order":0,"comment_status":"closed","ping_status":"closed","template":"","meta":{"footnotes":""},"class_list":["post-585","page","type-page","status-publish","hentry"],"_links":{"self":[{"href":"https:\/\/kleine-konditorei.com\/index.php?rest_route=\/wp\/v2\/pages\/585","targetHints":{"allow":["GET"]}}],"collection":[{"href":"https:\/\/kleine-konditorei.com\/index.php?rest_route=\/wp\/v2\/pages"}],"about":[{"href":"https:\/\/kleine-konditorei.com\/index.php?rest_route=\/wp\/v2\/types\/page"}],"author":[{"embeddable":true,"href":"https:\/\/kleine-konditorei.com\/index.php?rest_route=\/wp\/v2\/users\/1"}],"replies":[{"embeddable":true,"href":"https:\/\/kleine-konditorei.com\/index.php?rest_route=%2Fwp%2Fv2%2Fcomments&post=585"}],"version-history":[{"count":31,"href":"https:\/\/kleine-konditorei.com\/index.php?rest_route=\/wp\/v2\/pages\/585\/revisions"}],"predecessor-version":[{"id":1145,"href":"https:\/\/kleine-konditorei.com\/index.php?rest_route=\/wp\/v2\/pages\/585\/revisions\/1145"}],"wp:attachment":[{"href":"https:\/\/kleine-konditorei.com\/index.php?rest_route=%2Fwp%2Fv2%2Fmedia&parent=585"}],"curies":[{"name":"wp","href":"https:\/\/api.w.org\/{rel}","templated":true}]}}

Osterstraße 176

<h2 class="wp-block-heading has-text-align-center has-text-color" style="color:#826924"><strong>Mitten im Geschehen und dennoch entspannt: </strong><br>die kleine konditorei <strong>in Eimsbüttels Einkaufsmeile.</strong></h2>



<div class="wp-block-media-text alignwide is-stacked-on-mobile is-vertically-aligned-top" style="grid-template-columns:63% auto"><figure class="wp-block-media-text__media"><img loading="lazy" decoding="async" width="500" height="260" src="https://www.web110.s188.goserver.host/wp-content/uploads/2022/03/csm_Filialen_Aussen4_68cb16c2ba-1.jpeg" alt="" class="wp-image-531 size-full" srcset="https://kleine-konditorei.com/wp-content/uploads/2022/03/csm_Filialen_Aussen4_68cb16c2ba-1.jpeg 500w, https://kleine-konditorei.com/wp-content/uploads/2022/03/csm_Filialen_Aussen4_68cb16c2ba-1-300x156.jpeg 300w" sizes="auto, (max-width: 500px) 100vw, 500px" /></figure><div class="wp-block-media-text__content">
<p class="has-text-color" style="color:#826924">Osterstraße 176<br>22525 Hamburg<br><strong>Tel</strong>&nbsp;040-600 390 90<br><strong>Fax</strong>&nbsp;040-600 390 924</p>



<p class="has-text-color" style="color:#826924"><strong>Öffnungszeiten</strong><br><strong>Mo-Fr</strong> 6.00 — 18.30 Uhr<br><strong>Sa</strong> 7.00 — 18.00 Uhr<br><strong>So</strong> 7.30 — 18.00 Uhr</p>
</div></div>



<hr class="wp-block-separator has-css-opacity is-style-wide"/>



<p class="has-drop-cap has-text-color" style="color:#826924">Aus unserer Filiale am Ende der beliebten und belebten Osterstraße können Sie bei einem Kaffee oder Snack hervorragend das bunte Treiben beobachten und dies in gemütlicher Café-Atmosphäre. Vielleicht holen Sie sich aber auch schnell auf Ihrem Einkaufsweg noch kurz ein leckeres Brot für den Abenbrottisch, köstlichen Kuchen oder Teilchen für den Nachmittagsbesuch oder die Brötchen zum Frühstück heraus. Ganz, wie es Ihnen passt. </p>



<p class="has-text-color" style="color:#826924">Und wer neugierig ist und sich gern vorab in unserer <strong>kleinen konditorei</strong> in der Osterstraße 3D-mäßig umschauen möchte, der klickt <a rel="noreferrer noopener" href="https://goo.gl/maps/znN1vcfG8rxUXyqX8" target="_blank">hier</a>. </p>



<p class="has-text-color" style="color:#826924">Natürlich können Sie auch alles, was wir Ihnen bieten, bei uns vorbestellen. Gern nehmen wir ihre Bestellungen am Vortag bis 16 Uhr persönlich in einer unserer Filiale oder telefonisch entgegen.  An Feiertagen können unsere Bestellfristen verändert sein, bitte beachten Sie hierzu unsere Aushänge in den Filialen oder sprechen Sie uns frühzeitig an.</p>



<div class="wp-block-group has-background" style="background-color:#826924"><div class="wp-block-group__inner-container is-layout-flow wp-block-group-is-layout-flow">
<h1 class="wp-block-heading has-text-align-center has-black-color has-text-color"><strong>Unsere Öffnungszeiten an Feiertagen</strong><strong>:</strong></h1>



<h3 class="wp-block-heading has-text-align-left has-white-color has-text-color">1. Mai 2026 (Tag der Arbeit)</h3>



<p>7:30 -18:00 Uhr (in der Warnstedtstraße bis 12.00 Uhr / <br>in der Lutterothstraße bis 17:00 Uhr)</p>



<h3 class="wp-block-heading has-text-align-left has-white-color has-text-color">14. Mai 2026 (Himmelfahrt)</h3>



<p>7:30 -18:00 Uhr (in der Warnstedtstraße bis 12.00 Uhr / <br>in der Lutterothstraße bis 17:00 Uhr)</p>



<h3 class="wp-block-heading has-text-align-left has-white-color has-text-color">24. Mai 2026 (Pfingstsonntag)</h3>



<p>7:30 -14:00 Uhr (in der Warnstedtstraße bis 12.00 Uhr)</p>



<h3 class="wp-block-heading has-text-align-left has-white-color has-text-color">25. Mai 2026 (Pfingstmontag)</h3>



<p>7:30 -14:00 Uhr nur in der Filiale Osterstraße &#8211; alle anderen Filialen bleiben geschlossen</p>
</div></div>



<figure class="wp-block-image size-large"><img loading="lazy" decoding="async" width="1024" height="167" src="https://kleine-konditorei.com/wp-content/uploads/2022/07/S-Cashback_Banner-Paket_368x60-1-1024x167.gif" alt="" class="wp-image-920" srcset="https://kleine-konditorei.com/wp-content/uploads/2022/07/S-Cashback_Banner-Paket_368x60-1-1024x167.gif 1024w, https://kleine-konditorei.com/wp-content/uploads/2022/07/S-Cashback_Banner-Paket_368x60-1-300x49.gif 300w, https://kleine-konditorei.com/wp-content/uploads/2022/07/S-Cashback_Banner-Paket_368x60-1-768x125.gif 768w" sizes="auto, (max-width: 767px) 89vw, (max-width: 1000px) 54vw, (max-width: 1071px) 543px, 580px" /></figure>

<p>Mitten im Geschehen und dennoch entspannt: die kleine konditorei in Eimsbüttels Einkaufsmeile. Osterstraße 17622525 HamburgTel&nbsp;040-600 390 90Fax&nbsp;040-600 390 924 ÖffnungszeitenMo-Fr 6.00 — 18.30 UhrSa 7.00 — 18.00 UhrSo 7.30 — 18.00 Uhr Aus unserer Filiale am Ende der beliebten und belebten Osterstraße können Sie bei einem Kaffee oder Snack hervorragend das bunte Treiben beobachten und &hellip; </p>
<p class="link-more"><a href="https://kleine-konditorei.com/?page_id=585" class="more-link"><span class="screen-reader-text">„Osterstraße 176“</span> weiterlesen</a></p>
